{"id":21,"date":"2026-02-06T04:06:35","date_gmt":"2026-02-06T04:06:35","guid":{"rendered":"https:\/\/techapps.ovh\/?page_id=21"},"modified":"2026-02-06T04:22:31","modified_gmt":"2026-02-06T04:22:31","slug":"eliminar-datos","status":"publish","type":"page","link":"https:\/\/techapps.ovh\/index.php\/eliminar-datos\/","title":{"rendered":"Eliminar-datos"},"content":{"rendered":"\n<p>\u00abEn MathGod, respetamos tu privacidad. Como nuestra App no requiere registro con correo electr\u00f3nico, utilizamos un ID de Soporte \u00fanico para identificar tus datos.<\/p>\n\n\n\n<p><strong>C\u00f3mo encontrar tu ID de Soporte:<\/strong><\/p>\n\n\n\n<ol class=\"wp-block-list\">\n<li>Abre MathGod en tu m\u00f3vil.<\/li>\n\n\n\n<li>Ve a la secci\u00f3n de Perfil (icono de usuario).<\/li>\n\n\n\n<li>Al final de la p\u00e1gina ver\u00e1s tu ID de Soporte. Puedes tocarlo para copiarlo.\u00bb<\/li>\n<\/ol>\n\n\n\n<p><\/p>\n\n\n\n<p><\/p>\n\n\n<style id=\"wpforms-css-vars-23-block-de8c37cc-5779-4e18-9eb8-a8200e62a304\">\n\t\t\t\t#wpforms-23.wpforms-block-de8c37cc-5779-4e18-9eb8-a8200e62a304 {\n\t\t\t\t--wpforms-field-size-input-height: 43px;\n--wpforms-field-size-input-spacing: 15px;\n--wpforms-field-size-font-size: 16px;\n--wpforms-field-size-line-height: 19px;\n--wpforms-field-size-padding-h: 14px;\n--wpforms-field-size-checkbox-size: 16px;\n--wpforms-field-size-sublabel-spacing: 5px;\n--wpforms-field-size-icon-size: 1;\n--wpforms-label-size-font-size: 16px;\n--wpforms-label-size-line-height: 19px;\n--wpforms-label-size-sublabel-font-size: 14px;\n--wpforms-label-size-sublabel-line-height: 17px;\n--wpforms-button-size-font-size: 17px;\n--wpforms-button-size-height: 41px;\n--wpforms-button-size-padding-h: 15px;\n--wpforms-button-size-margin-top: 10px;\n\t\t\t}\n\t\t\t<\/style><div class=\"wpforms-container wpforms-container-full wpforms-block wpforms-block-de8c37cc-5779-4e18-9eb8-a8200e62a304 wpforms-render-modern\" id=\"wpforms-23\"><form id=\"wpforms-form-23\" class=\"wpforms-validate wpforms-form\" data-formid=\"23\" method=\"post\" enctype=\"multipart\/form-data\" action=\"\/index.php\/wp-json\/wp\/v2\/pages\/21\" data-token=\"d994f7bb404e672a03e78f8835347277\" data-token-time=\"1778637004\"><noscript class=\"wpforms-error-noscript\">Por favor, activa JavaScript en tu navegador para completar este formulario.<\/noscript><div id=\"wpforms-error-noscript\" style=\"display: none;\">Por favor, activa JavaScript en tu navegador para completar este formulario.<\/div><div class=\"wpforms-field-container\"><div id=\"wpforms-23-field_1-container\" class=\"wpforms-field wpforms-field-text\" data-field-id=\"1\"><label class=\"wpforms-field-label\" for=\"wpforms-23-field_1\">ID de Soporte (Firebase UID) <span class=\"wpforms-required-label\" aria-hidden=\"true\">*<\/span><\/label><input type=\"text\" id=\"wpforms-23-field_1\" class=\"wpforms-field-medium wpforms-field-required\" name=\"wpforms[fields][1]\" aria-errormessage=\"wpforms-23-field_1-error\" required><\/div><div id=\"wpforms-23-field_2-container\" class=\"wpforms-field wpforms-field-text\" data-field-id=\"2\"><label class=\"wpforms-field-label\" for=\"wpforms-23-field_2\">Nombre de Usuario (Opcional &#8211; ayuda si el usuario no tiene el ID)<\/label><input type=\"text\" id=\"wpforms-23-field_2\" class=\"wpforms-field-medium\" name=\"wpforms[fields][2]\" aria-errormessage=\"wpforms-23-field_2-error\" ><\/div>\t\t<div id=\"wpforms-23-field_4-container\"\n\t\t\tclass=\"wpforms-field wpforms-field-text\"\n\t\t\tdata-field-type=\"text\"\n\t\t\tdata-field-id=\"4\"\n\t\t\t>\n\t\t\t<label class=\"wpforms-field-label\" for=\"wpforms-23-field_4\" >si Usuario ID)<\/label>\n\t\t\t<input type=\"text\" id=\"wpforms-23-field_4\" class=\"wpforms-field-medium\" name=\"wpforms[fields][4]\" >\n\t\t<\/div>\n\t\t<div id=\"wpforms-23-field_3-container\" class=\"wpforms-field wpforms-field-checkbox\" data-field-id=\"3\"><fieldset><legend class=\"wpforms-field-label\">Confirmaci\u00f3n <span class=\"wpforms-required-label\" aria-hidden=\"true\">*<\/span><\/legend><ul id=\"wpforms-23-field_3\" class=\"wpforms-field-required\"><li class=\"choice-1 depth-1\"><input type=\"checkbox\" id=\"wpforms-23-field_3_1\" name=\"wpforms[fields][3][]\" value=\"Entiendo que mis datos se borrar\u00e1n permanentemente y esta acci\u00f3n es irreversible.\" aria-errormessage=\"wpforms-23-field_3_1-error\" required ><label class=\"wpforms-field-label-inline\" for=\"wpforms-23-field_3_1\">Entiendo que mis datos se borrar\u00e1n permanentemente y esta acci\u00f3n es irreversible.<\/label><\/li><\/ul><\/fieldset><\/div><script>\n\t\t\t\t( function() {\n\t\t\t\t\tconst style = document.createElement( 'style' );\n\t\t\t\t\tstyle.appendChild( document.createTextNode( '#wpforms-23-field_4-container { position: absolute !important; overflow: hidden !important; display: inline !important; height: 1px !important; width: 1px !important; z-index: -1000 !important; padding: 0 !important; } #wpforms-23-field_4-container input { visibility: hidden; } #wpforms-conversational-form-page #wpforms-23-field_4-container label { counter-increment: none; }' ) );\n\t\t\t\t\tdocument.head.appendChild( style );\n\t\t\t\t\tdocument.currentScript?.remove();\n\t\t\t\t} )();\n\t\t\t<\/script><\/div><!-- .wpforms-field-container --><div class=\"wpforms-submit-container\" ><input type=\"hidden\" name=\"wpforms[id]\" value=\"23\"><input type=\"hidden\" name=\"page_title\" value=\"\"><input type=\"hidden\" name=\"page_url\" value=\"https:\/\/techapps.ovh\/index.php\/wp-json\/wp\/v2\/pages\/21\"><input type=\"hidden\" name=\"url_referer\" value=\"\"><button type=\"submit\" name=\"wpforms[submit]\" id=\"wpforms-submit-23\" class=\"wpforms-submit\" data-alt-text=\"Enviando...\" data-submit-text=\"Enviar solicitud\" aria-live=\"assertive\" value=\"wpforms-submit\">Enviar solicitud<\/button><\/div><\/form><\/div>  <!-- .wpforms-container -->","protected":false},"excerpt":{"rendered":"<p>\u00abEn MathGod, respetamos tu privacidad. Como nuestra App no requiere registro con correo electr\u00f3nico, utilizamos un ID de Soporte \u00fanico para identificar tus datos. C\u00f3mo encontrar tu ID de Soporte:<\/p>\n","protected":false},"author":1,"featured_media":0,"parent":0,"menu_order":0,"comment_status":"closed","ping_status":"closed","template":"","meta":{"footnotes":""},"class_list":["post-21","page","type-page","status-publish","hentry"],"_links":{"self":[{"href":"https:\/\/techapps.ovh\/index.php\/wp-json\/wp\/v2\/pages\/21","targetHints":{"allow":["GET"]}}],"collection":[{"href":"https:\/\/techapps.ovh\/index.php\/wp-json\/wp\/v2\/pages"}],"about":[{"href":"https:\/\/techapps.ovh\/index.php\/wp-json\/wp\/v2\/types\/page"}],"author":[{"embeddable":true,"href":"https:\/\/techapps.ovh\/index.php\/wp-json\/wp\/v2\/users\/1"}],"replies":[{"embeddable":true,"href":"https:\/\/techapps.ovh\/index.php\/wp-json\/wp\/v2\/comments?post=21"}],"version-history":[{"count":3,"href":"https:\/\/techapps.ovh\/index.php\/wp-json\/wp\/v2\/pages\/21\/revisions"}],"predecessor-version":[{"id":28,"href":"https:\/\/techapps.ovh\/index.php\/wp-json\/wp\/v2\/pages\/21\/revisions\/28"}],"wp:attachment":[{"href":"https:\/\/techapps.ovh\/index.php\/wp-json\/wp\/v2\/media?parent=21"}],"curies":[{"name":"wp","href":"https:\/\/api.w.org\/{rel}","templated":true}]}}